
False
Let p(m) = -31*m + 3. Let w(n) = -94*n + 9. Let i(f) = -8*p(f) + 3*w(f). Is i(-26) composite?
False
Let w(z) = 4*z**3 + 22*z**2 - 17*z - 9. Let j be w(10). Let x = 8176 + j. Is x composite?
False
Suppose 145990 = 5*d + 5*s, -5*s - 43146 = -5*d + 102874. Is d a prime number?
True
Is ((-5488544)/160)/((-5)/25) composite?
False
Let n = 155 + -64. Suppose 21956 = -87*l + n*l. Is l a composite number?
True
Suppose 5*l - h = 5, l - 4*l - 20 = 4*h. Suppose -2*q = -t - l*q + 4585, 3*q + 18335 = 4*t. Is t a prime number?
True
Suppose 4*u + p = 249, -280 = -5*u + 3*p + 2*p. Let a = u - 55. Suppose -a*f + 44407 = 5*f. Is f a prime number?
False
Suppose 33*b - 1042656 = 688572 - 36117. Is b prime?
False
Let u(t) = 7*t**3 - 9*t**2 + 17*t + 20. Let h(j) = -51*j - 297. Let g be h(-6). Is u(g) composite?
False
Let c(m) = -5*m**3 - 6*m**2 + 6*m + 3. Let h be 6/27 + (-2)/9. Suppose 3*u - 4 = w, -u = -2*w - h*w - 8. Is c(w) prime?
False
Let t = -115735 - -180606. Is t prime?
True
Let d(s) = 2*s**3 - 11*s**2 - 9*s + 21. Let g be d(6). Is 5/g + 498600/54 composite?
True
Let t be 2/12 + 69/18 + -3. Suppose -c + 1575 = 2*q, 3*c - 2*c = t. Is q composite?
False
Suppose 7*y + 4*n + 102635 = 8*y, -4*y = -5*n - 410606. Is y a composite number?
True
Suppose 3*t = -67*l + 71*l + 640419, -853912 = -4*t + 2*l. Is t prime?
True
Suppose 0 = -3*r - 4*w + 5960815, -7*r = -2*r - w - 9934753. Is r composite?
False
Suppose 0 = 2*n + 4*s - 11090, 3*s + 2*s = -2*n + 11092. Suppose 7*u - n - 1760 = 0. Is u a prime number?
False
Suppose -2*a + 8 = 0, -53*i = -52*i - a - 107095. Is i a prime number?
True
Let p = -7787 + 16742. Suppose 5*d - 20 = 0, 44*h - 5*d - p = 39*h. Is h a composite number?
True
Is ((-4964776)/(-48) + 1)*6 a composite number?
False
Let n(x) = -x**3 + 15*x**2 + 42*x - 18. Let f be n(17). Let i = f - -1899. Is i a prime number?
True
Let j = -408 + 224. Let t = 53 - j. Is t a prime number?
False
Is 434857/5 + (-46)/115 composite?
True
Let q be 48/8 + (-7945 - -3). Let a = -5379 - q. Is a a prime number?
True
Suppose -4*v - 4 = g + 3*g, g - 5 = -3*v. Suppose -2*b + 6823 = -v*z, -5*b - 5*z = -z - 17023. Is b composite?
False
Suppose -7*r + 161067 = 53876. Is r composite?
False
Suppose 0 = -23*r + 31*r - 152328. Suppose 3*g = 5*u - 120792, 0 = 2*u - 2*g - 29275 - r. Is u prime?
False
Suppose 0 = 2*u, 4*a + 162 = 3*u - 14. Let j be (a/55)/(4/(-13690)). Let b = -1357 + j. Is b a composite number?
False
Suppose 3*r + 9 = 66. Suppose r*z - 668 = 17*z. Is z a composite number?
True
Suppose 0 = 4*g - 20 + 32, 3*g - 3391 = 5*s. Let w = -109 - s. Is w prime?
True
Let q = -10192 - -17595. Is q composite?
True
Suppose -g = g - 4. Let l be (g/2)/(4/1060). Suppose 2*r = t + l, -t - 64 + 585 = 4*r. Is r prime?
True
Let g(s) = 11*s**2 - 54*s + 14. Is g(-15) prime?
True
Let g be -14*1*(-1)/(-1). Let w(s) = -532 + 166 - 6*s + 171 + 178 + 6*s**2. Is w(g) a composite number?
True
Let c = -1154 + 283861. Is c prime?
True
Let a(z) = -15*z + 40. Let i be a(3). Is i/(-20) + (-42547)/(-4) composite?
True
Let n(b) be the first derivative of 22*b**3/3 + 3*b**2/2 - 20*b - 6374. Let u be -8 - 2*1/2. Is n(u) a prime number?
False
Let y(p) = 3*p**3 + 15*p**2 + 46*p + 195. Is y(24) a prime number?
False
Suppose 1449959 + 814869 = 59*v - 2925933. Is v prime?
False
Let r = 26 - 1. Suppose -17*k = -r*k + 148024. Is k a prime number?
True
Suppose -4*t - 5*u = 24, -4*t - 5*u - 18 = -t. Let h(r) = -r**2 - 5*r + 8. Let s be h(t). Suppose s*a - 7*a + 1255 = 0. Is a composite?
False
Suppose 0 = -2*v + 10, t + 0*t = -5*v - 15202. Let l = -9258 - t. Is l a prime number?
False
Suppose 0 = 420*c - 417*c - 15. Suppose 0 = -w + c*w + y - 40246, -3*w = 5*y - 30193. Is w composite?
False
Let l(h) = 60*h - 134. Let k be l(5). Suppose 3*v = 2*v + 3. Is (45/30)/(v/k) prime?
True
Let r be (86/(-14) + 7)*(-7)/(-2). Let f = 7 + -13. Is (674/f)/(r/(-9)) a composite number?
False
Let l(r) = -5*r**2 - 9*r + 1. Let q be l(-1). Suppose q*n - 3*g = -g + 18199, 3*n - 10917 = 2*g. Is n prime?
False
Suppose 4*l = -2*o - 26, 4*l + 5 = 2*o - 17. Is ((-2122)/l)/(-13*2/(-78)) a composite number?
False
Is (-3 - 104/(-32))*34780/5 a prime number?
False
Let i be 12/10*-5*-1. Suppose -2*q - i*l + l = -9893, 0 = 3*q - 4*l - 14805. Is q prime?
False
Suppose 0 = -57*t + 55*t - 27898. Let s = t + 20246. Is s prime?
False
Is (7/35)/(9/48679155*7) a prime number?
False
Let y be -3*2 + 7 + -6. Suppose 2*u - 3*u = -42. Let v = y + u. Is v a prime number?
True
Suppose 54 = 13*k - 10*k. Let x = k + -16. Suppose 2*o - 75 = -t, x*t + 3*o - 38 = 113. Is t a prime number?
False
Let s = 1681 + -775. Suppose 2*k - 3642 + s = 0. Suppose -v + k + 5 = 0. Is v composite?
False
Suppose -169665 = -3*u + 3*w, 3*u - 113086 = u + 6*w. Is u a composite number?
True
Let p(b) = 84345*b**2 - 786*b - 1. Is p(2) a composite number?
False
Suppose 0 = -60*j + 52*j + 24. Suppose -2 = -z - 0. Suppose -j*l + 922 = z*v, -12 = l + 2*l. Is v composite?
False
Let h = 78 - 176. Let n = -158 - h. Is ((-26310)/n)/((-2)/(-4)) a prime number?
True
Let t be (1 - 5)*3/(-4). Let f = -3787 - -5338. Suppose -3*h + f = 5*q - 107, 0 = -q + t*h + 328. Is q a composite number?
False
Suppose -17*n = -p - 1156694, 12*n - 11*n - 5*p = 68026. Is n prime?
True
Is (-37329)/69*(3 - 32) a composite number?
True
Suppose 8*k - 24 = -8. Let z be k - (-2 - -4 - 3). Is ((-40)/12 + z)/((-3)/1098) composite?
True
Let a(p) = -p**2 - 7*p - 2. Let d = 20 - 26. Let q be a(d). Let z(i) = 21*i**3 + 4*i**2 - 9. Is z(q) a composite number?
False
Suppose 0 = -3*u, -74 = r - 2*u + 4*u. Let j = r + 76. Suppose j*h - 375 = -3*i + 551, -h + 3*i = -481. Is h a composite number?
True
Let k = -48 + -9. Let m = 4 - k. Suppose -60*n = -m*n + 689. Is n a composite number?
True
Is (-6)/11 + (-23)/(9867/(-56978727)) a composite number?
False
Suppose 3*l + 228 = l. Let w = -76 - l. Suppose 3*s - 2839 - w = 0. Is s a composite number?
True
Suppose l + 47 = 6*x - 3*x, 79 = 5*x - 2*l. Let a(q) = 162*q + 37. Is a(x) a prime number?
True
Let u be (-654)/(-27) + 36/(-162). Suppose 0 = -u*p + 771704 + 225616. Is p a prime number?
False
Suppose 71*g + 5*m + 270922 = 75*g, -5*g + 338561 = 9*m. Is g prime?
True
Suppose 5*x + 25 = 0, -2*q - 46*x = -42*x - 195954. Is q a prime number?
True
Suppose 55*p = 84*p - 9918. Suppose -5*j = -0*y - y + 15, -3*j - 65 = -2*y. Suppose -i + p = -y. Is i a prime number?
False
Suppose -5*f - 1492645 = -5*n, 4*n - 1132734 - 61388 = 5*f. Is n prime?
False
Let f be ((8 - 9)*-2)/(6/9). Is ((-4)/f)/(144/(-2290788)) a prime number?
True
Let n = -65 - -67. Let d(x) = 768*x + 2. Let y be d(n). Let i = y + -749. Is i a prime number?
False
Let w = 90 + -96. Is (3/(3 - w))/((-4)/(-10524)) a composite number?
False
Let q(c) = -3517*c**3 + 17*c**2 + 5*c - 24. Let v(a) = -1758*a**3 + 8*a**2 + 2*a - 11. Let l(m) = 6*q(m) - 13*v(m). Is l(1) prime?
True
Let z be ((-3)/((-9)/(-14)))/(12/(-18)). Suppose -5*i - z = 2*h - 27, 4*h - 2*i - 16 = 0. Suppose -338 = h*q - 1393. Is q a prime number?
True
Let y(m) = -38 + 2 + 5*m + 8 - 15. Let x be y(8). Is (x - 1 - (-1 - 2)) + 762 a composite number?
False
Is 9 + (15 - (-13 - 306228)) prime?
False
Let t(s) = -128*s**2 + 15*s - 137. Let k(y) = -128*y**2 + 16*y - 138. Let z(r) = 4*k(r) - 5*t(r). Is z(12) prime?
True
Is (1 - 32374/12)*(-45 + 34 + 5) a composite number?
True
Let j(w) = 21 - 6*w - 1 - 9 + 4*w. Let y be j(4). Suppose 0 = -q - y*p + 248, 2*q - 311 = 2*p + 225. Is q a prime number?
True
Let g be (-28)/(-12) + 6/9. Let j be (g*(-4 - -3))/((-3)/19). Suppose -16*v = -j*v + 14163. Is v composite?
False
Suppose -3*f - d + 8 = -0*f, 0 = 4*f - 4*d. Suppose 0 = -4*u + f*u + 2722. Is u composite?
False
Let j = -67189 - -116207. Is j a prime number?
False
Let k be -1 + 1 + 30/(-2). Let d be (-56)/12 + 2 - (-5)/k. Is 1454/d*(-27)/6 a prime number?
False
Let u(t) = -2*t**2 - t. Let w(b) = -8*b**2 + b + 4. Let r(s) = -5*u(s) + w(s). Let n be r(-2). Suppose n = -3*j + 1499 + 2332. Is j a prime number?
True
Let i = 117 - 99. Suppose -3*z - i*k + 167 = -17*k, -4*z = -2*k - 216. Is z a prime number?
False
Let q(c) = -c**2 - 2. Let x(f) = -f**2 + 4*f + 1. Let v be x(4). Let u be q(v). Is -1*(1/u - (-27992)/(-12)) prime?
True
Let n(f) be the first derivative of 7*f**4/4 - 13*f**3/